 28/3 - 16/48?
7
Suppose -18 = -4*c - 0*h + 3*h, 5*h + 8 = 3*c. Suppose 0 = c*a - a - 20. Let w = 4 + 1. Calculate the remainder when w is divided by a.
1
Let h = 11 - 5. Suppose -3*m = -h*m - 54. Let a = m - -39. What is the remainder when a is divided by 12?
9
Let v be (1/2)/((-673)/(-224) + -3). Let u = v - 60. Calculate the remainder when u is divided by 19.
14
Suppose 72 + 52 = 4*f. Let i be (-4 + 3)/1 + 4. Suppose 4*y - i*y - 16 = 0. Calculate the remainder when f is divided by y.
15
Suppose 4*j + 317 + 11 = 0. Calculate the remainder when j*(-4)/(-16)*-2 is divided by 9.
5
Suppose 2*r = -6, -30 = 3*o + 4*r - 0. Let u(k) = -k**3 - 7*k**2 - 7*k - 5. Let a be u(o). What is the remainder when 18 is divided by (1/(-2))/(a/(-14))?
4
Let u(n) = n**3 + 13*n**2 - 10*n - 13. Suppose 6*m - 175 = 185. What is the remainder when u(-13) is divided by m?
57
Suppose -s = 4*s. Suppose 4*t - 7*t + 234 = s. Suppose 4*o + 4*f = 100, 3*o - 4*f - f = 35. Calculate the remainder when t is divided by o.
18
Let l be (-5)/(-10)*(-1 - -13). Let p be (2 - 3)/(l/(-30)). Suppose -60 = -5*m - 0*m + 5*z, -p*z + 40 = 5*m. Calculate the remainder when 29 is divided by m.
9
Let w(h) = 4*h + 1. Let o be w(5). Suppose 36 + o = d. Suppose -3*p = -d + 6. Calculate the remainder when p is divided by 4.
1
Calculate the remainder when 13 is divided by 9/12*56/6.
6
Suppose -4*z - 2*r + 8 = 0, -r + 0 + 4 = -3*z. Suppose z = -5*h + 46 + 9. Let s = 19 - h. Calculate the remainder when s is divided by 3.
2
Suppose -3*r + 4*j = -70, 2*r - 46 = -0*j + 2*j. Let w = 37 - r. Calculate the remainder when (-2)/((2/(-58))/(1/2)) is divided by w.
14
Suppose 0 = -5*h + 3*f - 4*f + 303, -3*f = h - 69. Suppose -69 = 73*g - 76*g + 4*b, 2*b + 50 = 2*g. What is the remainder when h is divided by g?
29
Suppose 3*x - 14 = -4*x. Suppose 0 = -3*q - 5*y + 42 - x, 65 = 4*q - 5*y. What is the remainder when q is divided by 4?
3
Suppose 1113 = 517*w - 510*w. What is the remainder when w is divided by 13?
3
Let k be (-7)/(35/(-10)) - 0. Suppose -3*s - k*y + 52 = 0, 4*s - 3*y + 29 - 104 = 0. What is the remainder when s is divided by 5?
3
Suppose 3*y - k + 4*k - 21 = 0, 2*k + 63 = 5*y. Suppose 114 = 31*n - 28*n. What is the remainder when n is divided by y?
5
Let k(v) = 5*v**2 - 4*v + 1. Let n be k(4). Let j = 82 - n. Calculate the remainder when ((-12)/2)/(3/(-33)) is divided by j.
15
Let y(z) = -z - 3. Let o be y(-5). Suppose 3*n + 51 = o*b, 0*b - 4*b + n = -107. Calculate the remainder when b is divided by 6.
3
Let y = 13 + -8. Suppose y*k = -3*q + 55, -3*k - 21 - 2 = -q. What is the remainder when q is divided by (-22)/(-3)*(21/6 - 2)?
9
Calculate the remainder when 94 is divided by (-12)/(-28) - (-260)/14.
18
Let z = -103 - -186. Let a = -29 + 31. Suppose 3*i + a*f = 6*f + 79, 0 = 3*f + 12. Calculate the remainder when z is divided by i.
20
Let o = 0 + 6. Suppose -13 = -l - o. Calculate the remainder when (1 - 0)/6 + (-447)/(-18) is divided by l.
4
Let u(c) = -11 + 4*c - 20 - 1. Calculate the remainder when 59 is divided by u(12).
11
Suppose 3*k = 3*u + 423, -5*u - 84 = -k + 69. Calculate the remainder when k is divided by 28.
26
Suppose -x = -5*r + 48 + 322, 10 = 2*x. What is the remainder when 522 is divided by r?
72
Suppose -3*z = 2*u - 215, -9*z + 13*z - 284 = -4*u. Calculate the remainder when 223 is divided by z.
4
Let l = -116 - -439. What is the remainder when l is divided by 47?
41
Let b = 34 - 34. Suppose b = -3*v + 4*q - 7*q - 117, -5*q - 15 = 0. Calculate the remainder when ((-261)/v)/((-1)/(-4)) is divided by 8.
5
Let c = -28 + 39. Let u(h) = 2*h - 8*h - 7*h - 22 + 22*h. What is the remainder when u(6) is divided by c?
10
Let h = 90 + -115. Let m = h - -30. Calculate the remainder when 26 is divided by m.
1
Suppose -5*z + 48 = -2. Suppose -3*q - 105 = -6*q. Calculate the remainder when q is divided by z.
5
Let p(h) = -h**2 + 16*h - 35. What is the remainder when 53 is divided by p(9)?
25
Suppose 3*x - p - 259 = 0, -3*x + 2*p - 44 = -301. Suppose 0 = -g - 2*s + 26, 9 + 23 = 2*g - s. Calculate the remainder when x is divided by g.
15
Let n = -26 + 26. Suppose -10*m + 7*m + 36 = n. Suppose -28 + m = -h. Calculate the remainder when 61 is divided by h.
13
Calculate the remainder when (-2736)/(-8) - 1/3*12 is divided by 81.
14
Let h(j) = -3*j - j**3 - 7 + 6*j**2 + 2*j**3 + 15. Calculate the remainder when 77 is divided by h(-6).
25
Suppose -7 = f - 1. Let q(i) = i + 13. Calculate the remainder when 13 is divided by q(f).
6
Suppose -4*o = -o - 123. Let s = -1253 - -1268. What is the remainder when o is divided by s?
11
Let x(z) = 2*z**3 - 11*z**2 - 7*z + 9. Let m be x(6). Suppose 0 = 11*v - m*v - 80. What is the remainder when v is divided by 3?
1
Calculate the remainder when 330/(-75)*5/(-2) is divided by 5.
1
Suppose 8*z - 548 + 84 = 0. Calculate the remainder when z is divided by 6.
4
Suppose -2*r = 3*r - 25. Let z(s) = 18*s - 4. What is the remainder when z(r) is divided by 2/4 + (-688)/(-32) + 7?
28
Let p(y) = y + 2. Let o be p(0). Suppose 6 = -4*q + o*q. Let h = q + 12. Calculate the remainder when h is divided by 6.
3
What is the remainder when 137 is divided by 16/(1344/4356) + (-2)/(-14)?
33
Suppose 8*k - 147 = 7*k + 2*n, n = 4*k - 567. Calculate the remainder when k is divided by 12.
9
Suppose -4*w + 8*w - 316 = 0. Suppose 0 = 3*x + 2*x - 40. What is the remainder when w/4 + (-5)/(-20) is divided by x?
4
Let n(y) = 2*y - 2. Let o be n(3). Suppose -4*g = 2*v - 6*v - 24, o*g = -3*v + 3. Suppose -2*b - 19 = -g*b. Calculate the remainder when 73 is divided by b.
16
Suppose -7 = -4*s + 1. Let k(r) = -22*r. Let b be k(s). Calculate the remainder when (-1356)/b + (-6)/(-33) is divided by 17.
14
Suppose 128*p - 125*p = -4*z + 67, -91 = -4*z + 5*p. What is the remainder when z is divided by 4/(-6)*(-1 - 8)?
1
Let z(t) = 3*t**2 + t - 4. Let m be ((-1)/2)/((-3)/(-12)). What is the remainder when 9 is divided by z(m)?
3
Suppose -2*p + 3 + 5 = 0. Suppose 3*k - 65 = -i, 124 = 4*k - p*i + 32. Calculate the remainder when k is divided by (-64)/(-4) + 4*-1.
10
Suppose 93*w - 100*w + 56 = 0. Calculate the remainder when 119 is divided by w.
7
Let n = 414 + -67. Calculate the remainder when n is divided by 70.
67
Let m(u) = -u + 6. Let f = -156 - -97. Let b = -50 - f. Calculate the remainder when b is divided by m(0).
3
Suppose 10*q = 21*q - 231. What is the remainder when 63 is divided by q?
0
Let k be 7/(1/1*(-11 - -12)). Let r(l) = -l**3 + 7*l**2 + 4*l - 6. Calculate the remainder when 84 is divided by r(k).
18
Suppose -3*l + l + 30 = 4*i, 4*i + 3*l - 35 = 0. Suppose 0 = i*r - 9*r + 64. Calculate the remainder when 46 is divided by r.
14
Let u(i) = 9*i**3 + 2*i**2 + i - 1. Let w be u(-1). Let j(g) = -4*g - 24. What is the remainder when j(w) is divided by (1 + -6)/(2 - 3)?
2
Suppose 0 = s + 8 - 5, i - 56 = 4*s. Calculate the remainder when i is divided by 23.
21
Let l(z) = 14*z**2 - 3*z + 3. Let o(y) = 2*y**3 - 2*y**2 + y + 65. What is the remainder when o(0) is divided by l(1)?
9
Suppose 2*b + 4*q - 90 = 0, q + 78 + 191 = 5*b. Calculate the remainder when 101 is divided by b.
48
Suppose 78 = 2*z + 4. Let u = 88 - z. Let k = -6 + 19. Calculate the remainder when u is divided by k.
12
Let u = -337 + 467. What is the remainder when u is divided by 27?
22
Let i = -215 + 353. Let c be ((-4)/(-10))/((-1)/(-5)). Suppose h + 5*d = -c*h + i, -5*h + 270 = -5*d. What is the remainder when h is divided by 13?
12
Suppose -2*m = -f - 4*m + 6, 3*m - 2 = 2*f. Suppose 16 = f*b + 2*b, 3*l = 2*b - 20. What is the remainder when (-78)/l - 1/(-2) is divided by 12?
8
What is the remainder when 79 is divided by 286/14 - 15*8/280?
19
Suppose -111 - 79 = -5*q. Suppose 20 = 4*r - 2*r. Calculate the remainder when q is divided by r.
8
Let a(z) = z**3 - 23*z**2 + 5*z - 57. Let s be a(23). Let q = s + -40. Calculate the remainder when q is divided by 4.
2
Let a(x) = -25*x + 33. Let c(q) = 25*q - 32. Let u(i) = -5*a(i) - 4*c(i). Calculate the remainder when u(3) is divided by 9.
2
Let i(a) = a**3 - 6*a**2 + 7*a. Let g = -8 + 13. Let c(q) = -q + 19. Calculate the remainder when c(0) is divided by i(g).
9
Suppose -29*x = 11*x - 2160. Calculate the remainder when x is divided by 16.
6
Suppose 6*s - 5*s - 22 = 0. Suppose -4*h = 